{"id":75,"date":"2018-03-29T15:56:15","date_gmt":"2018-03-29T13:56:15","guid":{"rendered":"https:\/\/www.santenaturelle-et-massage-fontainebleau.fr\/?page_id=75"},"modified":"2022-08-17T11:55:18","modified_gmt":"2022-08-17T09:55:18","slug":"auriculotherapie","status":"publish","type":"page","link":"https:\/\/www.santenaturelle-et-massage-fontainebleau.fr\/index.php\/auriculotherapie\/","title":{"rendered":"AURICULOTH\u00c9RAPIE"},"content":{"rendered":"\n<h1 class=\"wp-block-heading\"><figure><img loading=\"lazy\" decoding=\"async\" class=\"aligncenter  wp-image-687\" src=\"https:\/\/www.santenaturelle-et-massage-fontainebleau.fr\/wp-content\/uploads\/2019\/09\/massage-et-sant\u00e9-naturelle-300x251.png\" alt=\"logo massage sant\u00e9 naturelle\" width=\"130\" height=\"109\" srcset=\"https:\/\/www.santenaturelle-et-massage-fontainebleau.fr\/wp-content\/uploads\/2019\/09\/massage-et-sant\u00e9-naturelle-300x251.png 300w, https:\/\/www.santenaturelle-et-massage-fontainebleau.fr\/wp-content\/uploads\/2019\/09\/massage-et-sant\u00e9-naturelle-768x642.png 768w, https:\/\/www.santenaturelle-et-massage-fontainebleau.fr\/wp-content\/uploads\/2019\/09\/massage-et-sant\u00e9-naturelle-1024x856.png 1024w, https:\/\/www.santenaturelle-et-massage-fontainebleau.fr\/wp-content\/uploads\/2019\/09\/massage-et-sant\u00e9-naturelle-610x510.png 610w, https:\/\/www.santenaturelle-et-massage-fontainebleau.fr\/wp-content\/uploads\/2019\/09\/massage-et-sant\u00e9-naturelle.png 1600w\" sizes=\"auto, (max-width: 130px) 100vw, 130px\" \/><\/figure><strong>AURICULOTH\u00c9RAPIE<\/strong><\/h1>\n\n\n<div class=\"wp-block-image\">\n<figure class=\"alignleft\"><img loading=\"lazy\" decoding=\"async\" width=\"300\" height=\"207\" src=\"https:\/\/www.santenaturelle-et-massage-fontainebleau.fr\/wp-content\/uploads\/2018\/07\/auriculotherapie-300x207.jpg\" alt=\"\" class=\"wp-image-143\"\/><\/figure>\n<\/div>\n\n\n<p class=\"has-text-align-center\"><br><br><strong>L&rsquo;auriculoth\u00e9rapie permet de soigner toutes les zones du corps.<br>Une pratique th\u00e9rapeutique alternative, avec&nbsp; la pose de graines de vaccaria, qui traite principalement douleurs et troubles fonctionnels<\/strong>.<\/p>\n\n\n\n<p><\/p>\n\n\n\n<p class=\"has-small-font-size\"><br><br>Cette <strong>technique naturelle<\/strong> peut \u00eatre int\u00e9gr\u00e9e au cours d&rsquo;une s\u00e9ance de massage ou effectu\u00e9e seule (lors d&rsquo;une s\u00e9ance \u00ab\u00a0courte\u00a0\u00bb), selon les maux \u00e0 traiter.<\/p>\n\n\n\n<p><\/p>\n\n\n\n<p class=\"has-small-font-size\">Le pavillon auriculaire se r\u00e9v\u00e8le \u00eatre une zone sensible : l&rsquo;auriculoth\u00e9rapie a mis en lumi\u00e8re une v\u00e9ritable cartographie. Tous les organes et parties du corps y sont situ\u00e9s sur des points r\u00e9flexes.<\/p>\n\n\n\n<p class=\"has-small-font-size\">Le travail de la praticienne est d&rsquo;\u00e9tablir le lien entre le corps et l&rsquo;oreille pour soulager : <strong><em>stress, anxi\u00e9t\u00e9, arthrose, troubles du sommeil, douleurs<\/em><\/strong> (&#8230;). D&rsquo;autre part, cette pratique se r\u00e9v\u00e8le efficace pour apaiser le psychisme.<\/p>\n\n\n\n<p class=\"has-small-font-size\">L&rsquo;auriculoth\u00e9rapie peut \u00eatre une r\u00e9ponse compl\u00e9mentaire \u00e0 certaines limites de la m\u00e9decine classique.<\/p>\n\n\n\n<p><a href=\"https:\/\/www.santenaturelle-et-massage-fontainebleau.fr\/index.php\/tarifs-des-massages\/\"><strong>Tarif de la s\u00e9ance<\/strong><\/a><\/p>\n\n\n<div class=\"wp-block-image\">\n<figure class=\"alignright\"><img loading=\"lazy\" decoding=\"async\" width=\"300\" height=\"217\" src=\"https:\/\/www.santenaturelle-et-massage-fontainebleau.fr\/wp-content\/uploads\/2018\/11\/auriculoth\u00e9rapie-300x217.jpg\" alt=\"auriculoth\u00e9rapie massage\" class=\"wp-image-449\" srcset=\"https:\/\/www.santenaturelle-et-massage-fontainebleau.fr\/wp-content\/uploads\/2018\/11\/auriculoth\u00e9rapie-300x217.jpg 300w, https:\/\/www.santenaturelle-et-massage-fontainebleau.fr\/wp-content\/uploads\/2018\/11\/auriculoth\u00e9rapie.jpg 450w\" sizes=\"auto, (max-width: 300px) 100vw, 300px\" \/><\/figure>\n<\/div>\n\n\n<p><\/p>\n\n\n\n<p><\/p>\n","protected":false},"excerpt":{"rendered":"<p>AURICULOTH\u00c9RAPIE L&rsquo;auriculoth\u00e9rapie permet de soigner toutes les zones du corps.Une pratique th\u00e9rapeutique alternative, avec&nbsp; la pose de graines de vaccaria, qui traite principalement douleurs et troubles fonctionnels. Cette technique naturelle peut \u00eatre int\u00e9gr\u00e9e au cours d&rsquo;une s\u00e9ance de massage ou effectu\u00e9e seule (lors d&rsquo;une s\u00e9ance \u00ab\u00a0courte\u00a0\u00bb), selon les maux \u00e0 traiter. Le pavillon auriculaire se &hellip; <\/p>\n<p class=\"link-more\"><a href=\"https:\/\/www.santenaturelle-et-massage-fontainebleau.fr\/index.php\/auriculotherapie\/\" class=\"more-link\">Continuer la lecture<span class=\"screen-reader-text\"> de &laquo;&nbsp;AURICULOTH\u00c9RAPIE&nbsp;&raquo;<\/span><\/a><\/p>\n","protected":false},"author":3,"featured_media":0,"parent":0,"menu_order":0,"comment_status":"closed","ping_status":"closed","template":"","meta":{"_exactmetrics_skip_tracking":false,"_exactmetrics_sitenote_active":false,"_exactmetrics_sitenote_note":"","_exactmetrics_sitenote_category":0,"footnotes":""},"class_list":["post-75","page","type-page","status-publish","hentry"],"yoast_head":"<!-- This site is optimized with the Yoast SEO plugin v27.4 - https:\/\/yoast.com\/product\/yoast-seo-wordpress\/ -->\n<title>AURICULOTH\u00c9RAPIE - Sant\u00e9 Naturelle et Massage<\/title>\n<meta name=\"description\" content=\"L&#039;auriculoth\u00e9rapie peut \u00eatre pratiqu\u00e9e lors de votre s\u00e9ance.Nathalie Rubio praticienne en massage \u00e9nerg\u00e9tique cible la solution naturelle selon votre besoin\" \/>\n<meta name=\"robots\" content=\"index, follow, max-snippet:-1, max-image-preview:large, max-video-preview:-1\" \/>\n<link rel=\"canonical\" href=\"https:\/\/www.santenaturelle-et-massage-fontainebleau.fr\/index.php\/auriculotherapie\/\" \/>\n<meta name=\"twitter:card\" content=\"summary_large_image\" \/>\n<meta name=\"twitter:title\" content=\"AURICULOTH\u00c9RAPIE - Sant\u00e9 Naturelle et Massage\" \/>\n<meta name=\"twitter:description\" content=\"L&#039;auriculoth\u00e9rapie peut \u00eatre pratiqu\u00e9e lors de votre s\u00e9ance.Nathalie Rubio praticienne en massage \u00e9nerg\u00e9tique cible la solution naturelle selon votre besoin\" \/>\n<meta name=\"twitter:image\" content=\"https:\/\/www.santenaturelle-et-massage-fontainebleau.fr\/wp-content\/uploads\/2018\/07\/auriculotherapie.jpg\" \/>\n<meta name=\"twitter:label1\" content=\"Dur\u00e9e de lecture estim\u00e9e\" \/>\n\t<meta name=\"twitter:data1\" content=\"2 minutes\" \/>\n<script type=\"application\/ld+json\" class=\"yoast-schema-graph\">{\"@context\":\"https:\\\/\\\/schema.org\",\"@graph\":[{\"@type\":\"WebPage\",\"@id\":\"https:\\\/\\\/www.santenaturelle-et-massage-fontainebleau.fr\\\/index.php\\\/auriculotherapie\\\/\",\"url\":\"https:\\\/\\\/www.santenaturelle-et-massage-fontainebleau.fr\\\/index.php\\\/auriculotherapie\\\/\",\"name\":\"AURICULOTH\u00c9RAPIE - Sant\u00e9 Naturelle et Massage\",\"isPartOf\":{\"@id\":\"https:\\\/\\\/www.santenaturelle-et-massage-fontainebleau.fr\\\/#website\"},\"primaryImageOfPage\":{\"@id\":\"https:\\\/\\\/www.santenaturelle-et-massage-fontainebleau.fr\\\/index.php\\\/auriculotherapie\\\/#primaryimage\"},\"image\":{\"@id\":\"https:\\\/\\\/www.santenaturelle-et-massage-fontainebleau.fr\\\/index.php\\\/auriculotherapie\\\/#primaryimage\"},\"thumbnailUrl\":\"https:\\\/\\\/www.santenaturelle-et-massage-fontainebleau.fr\\\/wp-content\\\/uploads\\\/2018\\\/07\\\/auriculotherapie-300x207.jpg\",\"datePublished\":\"2018-03-29T13:56:15+00:00\",\"dateModified\":\"2022-08-17T09:55:18+00:00\",\"description\":\"L'auriculoth\u00e9rapie peut \u00eatre pratiqu\u00e9e lors de votre s\u00e9ance.Nathalie Rubio praticienne en massage \u00e9nerg\u00e9tique cible la solution naturelle selon votre besoin\",\"breadcrumb\":{\"@id\":\"https:\\\/\\\/www.santenaturelle-et-massage-fontainebleau.fr\\\/index.php\\\/auriculotherapie\\\/#breadcrumb\"},\"inLanguage\":\"fr-FR\",\"potentialAction\":[{\"@type\":\"ReadAction\",\"target\":[\"https:\\\/\\\/www.santenaturelle-et-massage-fontainebleau.fr\\\/index.php\\\/auriculotherapie\\\/\"]}]},{\"@type\":\"ImageObject\",\"inLanguage\":\"fr-FR\",\"@id\":\"https:\\\/\\\/www.santenaturelle-et-massage-fontainebleau.fr\\\/index.php\\\/auriculotherapie\\\/#primaryimage\",\"url\":\"https:\\\/\\\/www.santenaturelle-et-massage-fontainebleau.fr\\\/wp-content\\\/uploads\\\/2018\\\/07\\\/auriculotherapie.jpg\",\"contentUrl\":\"https:\\\/\\\/www.santenaturelle-et-massage-fontainebleau.fr\\\/wp-content\\\/uploads\\\/2018\\\/07\\\/auriculotherapie.jpg\",\"width\":300,\"height\":207},{\"@type\":\"BreadcrumbList\",\"@id\":\"https:\\\/\\\/www.santenaturelle-et-massage-fontainebleau.fr\\\/index.php\\\/auriculotherapie\\\/#breadcrumb\",\"itemListElement\":[{\"@type\":\"ListItem\",\"position\":1,\"name\":\"Accueil\",\"item\":\"https:\\\/\\\/www.santenaturelle-et-massage-fontainebleau.fr\\\/\"},{\"@type\":\"ListItem\",\"position\":2,\"name\":\"AURICULOTH\u00c9RAPIE\"}]},{\"@type\":\"WebSite\",\"@id\":\"https:\\\/\\\/www.santenaturelle-et-massage-fontainebleau.fr\\\/#website\",\"url\":\"https:\\\/\\\/www.santenaturelle-et-massage-fontainebleau.fr\\\/\",\"name\":\"Sant\u00e9 Naturelle et Massage\",\"description\":\"FONTAINEBLEAU\",\"publisher\":{\"@id\":\"https:\\\/\\\/www.santenaturelle-et-massage-fontainebleau.fr\\\/#organization\"},\"potentialAction\":[{\"@type\":\"SearchAction\",\"target\":{\"@type\":\"EntryPoint\",\"urlTemplate\":\"https:\\\/\\\/www.santenaturelle-et-massage-fontainebleau.fr\\\/?s={search_term_string}\"},\"query-input\":{\"@type\":\"PropertyValueSpecification\",\"valueRequired\":true,\"valueName\":\"search_term_string\"}}],\"inLanguage\":\"fr-FR\"},{\"@type\":\"Organization\",\"@id\":\"https:\\\/\\\/www.santenaturelle-et-massage-fontainebleau.fr\\\/#organization\",\"name\":\"Sant\u00e9 Naturelle et Massage\",\"url\":\"https:\\\/\\\/www.santenaturelle-et-massage-fontainebleau.fr\\\/\",\"logo\":{\"@type\":\"ImageObject\",\"inLanguage\":\"fr-FR\",\"@id\":\"https:\\\/\\\/www.santenaturelle-et-massage-fontainebleau.fr\\\/#\\\/schema\\\/logo\\\/image\\\/\",\"url\":\"https:\\\/\\\/www.santenaturelle-et-massage-fontainebleau.fr\\\/wp-content\\\/uploads\\\/2020\\\/02\\\/cropped-thumbnail_22298-logotipo-Masages-Nathalie-02.jpg\",\"contentUrl\":\"https:\\\/\\\/www.santenaturelle-et-massage-fontainebleau.fr\\\/wp-content\\\/uploads\\\/2020\\\/02\\\/cropped-thumbnail_22298-logotipo-Masages-Nathalie-02.jpg\",\"width\":250,\"height\":250,\"caption\":\"Sant\u00e9 Naturelle et Massage\"},\"image\":{\"@id\":\"https:\\\/\\\/www.santenaturelle-et-massage-fontainebleau.fr\\\/#\\\/schema\\\/logo\\\/image\\\/\"},\"sameAs\":[\"http:\\\/\\\/www.facebook.com\\\/SanteNaturelleMassageFontainebleau\\\/\"]}]}<\/script>\n<!-- \/ Yoast SEO plugin. -->","yoast_head_json":{"title":"AURICULOTH\u00c9RAPIE - Sant\u00e9 Naturelle et Massage","description":"L'auriculoth\u00e9rapie peut \u00eatre pratiqu\u00e9e lors de votre s\u00e9ance.Nathalie Rubio praticienne en massage \u00e9nerg\u00e9tique cible la solution naturelle selon votre besoin","robots":{"index":"index","follow":"follow","max-snippet":"max-snippet:-1","max-image-preview":"max-image-preview:large","max-video-preview":"max-video-preview:-1"},"canonical":"https:\/\/www.santenaturelle-et-massage-fontainebleau.fr\/index.php\/auriculotherapie\/","twitter_card":"summary_large_image","twitter_title":"AURICULOTH\u00c9RAPIE - Sant\u00e9 Naturelle et Massage","twitter_description":"L'auriculoth\u00e9rapie peut \u00eatre pratiqu\u00e9e lors de votre s\u00e9ance.Nathalie Rubio praticienne en massage \u00e9nerg\u00e9tique cible la solution naturelle selon votre besoin","twitter_image":"https:\/\/www.santenaturelle-et-massage-fontainebleau.fr\/wp-content\/uploads\/2018\/07\/auriculotherapie.jpg","twitter_misc":{"Dur\u00e9e de lecture estim\u00e9e":"2 minutes"},"schema":{"@context":"https:\/\/schema.org","@graph":[{"@type":"WebPage","@id":"https:\/\/www.santenaturelle-et-massage-fontainebleau.fr\/index.php\/auriculotherapie\/","url":"https:\/\/www.santenaturelle-et-massage-fontainebleau.fr\/index.php\/auriculotherapie\/","name":"AURICULOTH\u00c9RAPIE - Sant\u00e9 Naturelle et Massage","isPartOf":{"@id":"https:\/\/www.santenaturelle-et-massage-fontainebleau.fr\/#website"},"primaryImageOfPage":{"@id":"https:\/\/www.santenaturelle-et-massage-fontainebleau.fr\/index.php\/auriculotherapie\/#primaryimage"},"image":{"@id":"https:\/\/www.santenaturelle-et-massage-fontainebleau.fr\/index.php\/auriculotherapie\/#primaryimage"},"thumbnailUrl":"https:\/\/www.santenaturelle-et-massage-fontainebleau.fr\/wp-content\/uploads\/2018\/07\/auriculotherapie-300x207.jpg","datePublished":"2018-03-29T13:56:15+00:00","dateModified":"2022-08-17T09:55:18+00:00","description":"L'auriculoth\u00e9rapie peut \u00eatre pratiqu\u00e9e lors de votre s\u00e9ance.Nathalie Rubio praticienne en massage \u00e9nerg\u00e9tique cible la solution naturelle selon votre besoin","breadcrumb":{"@id":"https:\/\/www.santenaturelle-et-massage-fontainebleau.fr\/index.php\/auriculotherapie\/#breadcrumb"},"inLanguage":"fr-FR","potentialAction":[{"@type":"ReadAction","target":["https:\/\/www.santenaturelle-et-massage-fontainebleau.fr\/index.php\/auriculotherapie\/"]}]},{"@type":"ImageObject","inLanguage":"fr-FR","@id":"https:\/\/www.santenaturelle-et-massage-fontainebleau.fr\/index.php\/auriculotherapie\/#primaryimage","url":"https:\/\/www.santenaturelle-et-massage-fontainebleau.fr\/wp-content\/uploads\/2018\/07\/auriculotherapie.jpg","contentUrl":"https:\/\/www.santenaturelle-et-massage-fontainebleau.fr\/wp-content\/uploads\/2018\/07\/auriculotherapie.jpg","width":300,"height":207},{"@type":"BreadcrumbList","@id":"https:\/\/www.santenaturelle-et-massage-fontainebleau.fr\/index.php\/auriculotherapie\/#breadcrumb","itemListElement":[{"@type":"ListItem","position":1,"name":"Accueil","item":"https:\/\/www.santenaturelle-et-massage-fontainebleau.fr\/"},{"@type":"ListItem","position":2,"name":"AURICULOTH\u00c9RAPIE"}]},{"@type":"WebSite","@id":"https:\/\/www.santenaturelle-et-massage-fontainebleau.fr\/#website","url":"https:\/\/www.santenaturelle-et-massage-fontainebleau.fr\/","name":"Sant\u00e9 Naturelle et Massage","description":"FONTAINEBLEAU","publisher":{"@id":"https:\/\/www.santenaturelle-et-massage-fontainebleau.fr\/#organization"},"potentialAction":[{"@type":"SearchAction","target":{"@type":"EntryPoint","urlTemplate":"https:\/\/www.santenaturelle-et-massage-fontainebleau.fr\/?s={search_term_string}"},"query-input":{"@type":"PropertyValueSpecification","valueRequired":true,"valueName":"search_term_string"}}],"inLanguage":"fr-FR"},{"@type":"Organization","@id":"https:\/\/www.santenaturelle-et-massage-fontainebleau.fr\/#organization","name":"Sant\u00e9 Naturelle et Massage","url":"https:\/\/www.santenaturelle-et-massage-fontainebleau.fr\/","logo":{"@type":"ImageObject","inLanguage":"fr-FR","@id":"https:\/\/www.santenaturelle-et-massage-fontainebleau.fr\/#\/schema\/logo\/image\/","url":"https:\/\/www.santenaturelle-et-massage-fontainebleau.fr\/wp-content\/uploads\/2020\/02\/cropped-thumbnail_22298-logotipo-Masages-Nathalie-02.jpg","contentUrl":"https:\/\/www.santenaturelle-et-massage-fontainebleau.fr\/wp-content\/uploads\/2020\/02\/cropped-thumbnail_22298-logotipo-Masages-Nathalie-02.jpg","width":250,"height":250,"caption":"Sant\u00e9 Naturelle et Massage"},"image":{"@id":"https:\/\/www.santenaturelle-et-massage-fontainebleau.fr\/#\/schema\/logo\/image\/"},"sameAs":["http:\/\/www.facebook.com\/SanteNaturelleMassageFontainebleau\/"]}]}},"_links":{"self":[{"href":"https:\/\/www.santenaturelle-et-massage-fontainebleau.fr\/index.php\/wp-json\/wp\/v2\/pages\/75","targetHints":{"allow":["GET"]}}],"collection":[{"href":"https:\/\/www.santenaturelle-et-massage-fontainebleau.fr\/index.php\/wp-json\/wp\/v2\/pages"}],"about":[{"href":"https:\/\/www.santenaturelle-et-massage-fontainebleau.fr\/index.php\/wp-json\/wp\/v2\/types\/page"}],"author":[{"embeddable":true,"href":"https:\/\/www.santenaturelle-et-massage-fontainebleau.fr\/index.php\/wp-json\/wp\/v2\/users\/3"}],"replies":[{"embeddable":true,"href":"https:\/\/www.santenaturelle-et-massage-fontainebleau.fr\/index.php\/wp-json\/wp\/v2\/comments?post=75"}],"version-history":[{"count":0,"href":"https:\/\/www.santenaturelle-et-massage-fontainebleau.fr\/index.php\/wp-json\/wp\/v2\/pages\/75\/revisions"}],"wp:attachment":[{"href":"https:\/\/www.santenaturelle-et-massage-fontainebleau.fr\/index.php\/wp-json\/wp\/v2\/media?parent=75"}],"curies":[{"name":"wp","href":"https:\/\/api.w.org\/{rel}","templated":true}]}}